Is 2239261 composite?
True
Is 451940261 composite?
True
Is 22713827 prime?
True
Is 4845143 a composite number?
False
Is 924038239 composite?
False
Is 93517747 a composite number?
True
Is 2791697 composite?
False
Is 81397487 a prime number?
True
Is 5775499 a composite number?
False
Is 402524321 composite?
True
Is 592265 composite?
True
Is 1805197 a composite number?
True
Is 10897177 prime?
False
Is 123390419 a prime number?
True
Is 155667517 prime?
True
Is 1710655 composite?
True
Is 120011 composite?
False
Is 77301727 composite?
False
Is 16971077 a composite number?
True
Is 5888843 composite?
True
Is 841487 a prime number?
False
Is 211579 composite?
True
Is 45681659 a composite number?
False
Is 136730879 prime?
True
Is 824329267 a prime number?
True
Is 11808349 composite?
True
Is 351718357 composite?
False
Is 209621 composite?
False
Is 50369837 prime?
False
Is 505242545 prime?
False
Is 343980983 prime?
False
Is 12903481 a prime number?
True
Is 167194979 prime?
False
Is 1694701 a composite number?
False
Is 4688819 a composite number?
True
Is 82227683 a composite number?
False
Is 5351839 prime?
True
Is 2607263 a prime number?
False
Is 96766619 composite?
False
Is 4794151 a prime number?
True
Is 5709259 a prime number?
False
Is 20792455 composite?
True
Is 30162889 prime?
False
Is 15880643 a prime number?
False
Is 1371803 prime?
True
Is 56779805 a composite number?
True
Is 11491633 composite?
False
Is 40042447 prime?
False
Is 110662603 prime?
True
Is 6650687 prime?
True
Is 18939253 a composite number?
True
Is 92297 a prime number?
True
Is 3691489 a prime number?
True
Is 10214261 a prime number?
False
Is 7767421 a composite number?
False
Is 1172831 a composite number?
True
Is 35886901 a prime number?
False
Is 32132809 a composite number?
False
Is 28399513 prime?
True
Is 83336059 a composite number?
True
Is 200791 prime?
False
Is 751997 composite?
False
Is 16063799 a composite number?
False
Is 1366829 composite?
False
Is 10559513 composite?
True
Is 6942563 a composite number?
False
Is 25603489 prime?
False
Is 326887 composite?
True
Is 689134 a prime number?
False
Is 320975927 composite?
False
Is 38863991 a composite number?
False
Is 118696589 composite?
True
Is 5233133 a composite number?
False
Is 7689817 composite?
False
Is 248459 prime?
False
Is 5390087 a composite number?
False
Is 36462443 a composite number?
False
Is 1082293 prime?
False
Is 43020317 a composite number?
False
Is 31004579 a prime number?
True
Is 10825897 composite?
True
Is 333313 composite?
True
Is 3638351 composite?
False
Is 30799273 a composite number?
False
Is 9441995 prime?
False
Is 708868339 a prime number?
True
Is 68828227 a prime number?
False
Is 55995697 a prime number?
False
Is 2852963 prime?
True
Is 30089495 a prime number?
False
Is 8018767 a composite number?
False
Is 998467 composite?
True
Is 3537397 a prime number?
False
Is 156613037 composite?
True
Is 46057037 composite?
True
Is 14326787 composite?
False
Is 1775261 a composite number?
False
Is 31020761 prime?
True
Is 164269531 prime?
False
Is 3125867 prime?
True
Is 14855219 a composite number?
False
Is 49382639 a composite number?
False
Is 43514999 a composite number?
True
Is 27822349 prime?
True
Is 5986835 prime?
False
Is 58850423 prime?
True
Is 39533671 prime?
True
Is 471479233 a composite number?
False
Is 474857 a composite number?
False
Is 11983277 a prime number?
True
Is 1019423 a prime number?
True
Is 53443083 prime?
False
Is 275616871 a prime number?
True
Is 1552019 a composite number?
True
Is 20858419 a prime number?
False
Is 123102167 prime?
True
Is 43422817 prime?
True
Is 2594339 a prime number?
False
Is 3326711 composite?
False
Is 16746607 prime?
False
Is 412537 a prime number?
True
Is 8183569 a composite number?
False
Is 43261378 a composite number?
True
Is 282624421 a prime number?
True
Is 466909111 prime?
True
Is 1618999 composite?
True
Is 428707679 prime?
True
Is 464449067 composite?
False
Is 136844566 a prime number?
False
Is 1857361 composite?
True
Is 187595753 prime?
False
Is 2420897 composite?
False
Is 3957331 prime?
False
Is 4253083 composite?
False
Is 6197881 a composite number?
False
Is 22893617 prime?
True
Is 148044199 prime?
False
Is 828516965 a composite number?
True
Is 157457 a composite number?
False
Is 363703 composite?
True
Is 4291165 prime?
False
Is 239167 composite?
False
Is 47860727 composite?
False
Is 82428653 a composite number?
True
Is 19140257 a prime number?
True
Is 52856735 prime?
False
Is 1169794 a composite number?
True
Is 6000317 prime?
True
Is 3683803 composite?
False
Is 90579989 prime?
True
Is 7056447 a composite number?
True
Is 43818613 composite?
False
Is 20266538 prime?
False
Is 1105253 prime?
False
Is 871868741 composite?
False
Is 7954669 composite?
True
Is 120874781 prime?
True
Is 361785287 prime?
True
Is 12261113 prime?
False
Is 1802557 composite?
True
Is 60992777 composite?
False
Is 5186303 composite?
False
Is 60120089 composite?
True
Is 49330293 prime?
False
Is 116770361 composite?
True
Is 2322371 a prime number?
False
Is 46984481 a prime number?
False
Is 18256211 a prime number?
True
Is 6995033 prime?
False
Is 4857449 a prime number?
True
Is 79757 composite?
False
Is 732761 composite?
False
Is 9901007 a composite number?
False
Is 107351053 prime?
False
Is 920571 a prime number?
False
Is 869341 a composite number?
True
Is 863579 composite?
True
Is 12782271 prime?
False
Is 120659282 composite?
True
Is 4520621 prime?
False
Is 12976939 a composite number?
False
Is 15690709 composite?
True
Is 136707911 a prime number?
True
Is 4662929 composite?
True
Is 1285589 prime?
False
Is 73395523 prime?
True
Is 2534747 composite?
False
Is 48278701 prime?
True
Is 88481677 composite?
True
Is 1554967 prime?
False
Is 19243 composite?
True
Is 10089087 composite?
True
Is 12150433 a composite number?
True
Is 234859973 a composite number?
False
Is 1286447 a prime number?
True
Is 16044603 composite?
True
Is 9811727 a prime number?
True
Is 24749953 prime?
False
Is 7536421 prime?
True
Is 2793667 a composite number?
True
Is 9112919 a prime number?
True
Is 44772089 a composite number?
False
Is 69705743 a composite number?
True
Is 16730407 prime?
False
Is 13468673 composite?
True
Is 37421 a prime number?
False
Is 37697921 a composite number?
True
Is 44820541 composite?
True
Is 9235597 prime?
False
Is 78827939 composite?
False
Is 80117683 a prime number?
False
Is 11632139 composite?
False
Is 10539367 composite?
False
Is 727151 composite?
True
Is 66804653 composite?
False
Is 181511257 prime?
True
Is 5620723 a composite number?
True
Is 446216591 a composite number?
True
Is 6480751 a composite number?
False
Is 2750303 composite?
False
Is 38123611 a composite number?
False
Is 2301811 prime?
True
Is 38528983 prime?
True
Is 13793371 a prime number?
False
Is 129344219 prime?
True
Is 26708159 composite?
True
Is 15142613 composite?
False
Is 4414981 composite?
True
Is 1893643 a composite number?
False
Is 13165721 composite?
False
Is 33777361 a prime number?
False
Is 206908619 a composite number?
False
Is 11979347 a composite number?
False
Is 11696003 prime?
False
Is 4547083 composite?
False
Is 2011567 a prime number?
False
Is 24750571 prime?
True
Is 6244079 prime?
True
Is 22957967 a prime number?
True
Is 869596073 a prime number?
True
Is 13731677 a prime number?
False
Is 52862749 prime?
True
Is 18127709 prime?
True
Is 2092658 a composite number?
True
Is 196492693 composite?
False
Is 14257919 a composite number?
True
Is 32372785 composite?
True
Is 20735537 a composite number?
False
Is 10676077 composite?
False
Is 10185473 composite?
False
Is 5564161 composite?
False
Is 94899023 prime?
False
Is 219713 composite?
True
Is 2521945 composite?
True
Is 103958339 composite?
True
Is 134718959 composite?
True
Is 1367269 a composite number?
True
Is 9672917 composite?
False
Is 14713 prime?
True
Is 2005291 prime?
False
Is 159798593 a composite number?
True
Is 5205227 a composite number?
False
Is 127511299 composite?
True
Is 472280093 a composite number?
True
Is 10808099 a prime number?
False
Is 77070167 a composite number?
True
Is 1976357 a composite number?
False
Is 50094383 composite?
True
Is 3759187 composite?
True
Is 11380651 a prime number?
True
Is 13859369 composite?
True
Is 99223277 a composite number?
False
I